{"id":4826,"date":"2019-10-04T10:26:46","date_gmt":"2019-10-04T14:26:46","guid":{"rendered":"http:\/\/www.golfdorval.com\/wordpress\/?page_id=4826"},"modified":"2019-10-04T14:24:25","modified_gmt":"2019-10-04T18:24:25","slug":"hebergement-a-dorval","status":"publish","type":"page","link":"http:\/\/golfdorval.com\/wordpress\/fr\/hebergement-a-dorval\/","title":{"rendered":"H\u00e9bergement \u00e0 Dorval"},"content":{"rendered":"\n<p style=\"background-color:#23a5f0\" class=\"has-text-color has-background has-medium-font-size has-very-light-gray-color\"><strong>Vous chercher de l&#8217;h\u00e9bergement \u00e0 Dorval pr\u00e8s du Golf Dorval ? <\/strong><\/p>\n\n\n\n<p style=\"background-color:#239de3\" class=\"has-text-color has-background has-medium-font-size has-very-light-gray-color\"><strong>Visitez HotelsCombined (Cliquez sur le widget en bas de la page) <\/strong><\/p>\n\n\n\n<div class=\"wp-block-image\"><figure class=\"aligncenter\"><a href=\"http:\/\/www.hotelscombined.ca\/Place\/Golf_Dorval.htm\" target=\"_blank\" rel=\"noreferrer noopener\"><img loading=\"lazy\" decoding=\"async\" width=\"572\" height=\"512\" src=\"http:\/\/www.golfdorval.com\/wordpress\/wp-content\/uploads\/2019\/10\/photo-hotelcombined.jpg\" alt=\"\" class=\"wp-image-4827\" srcset=\"http:\/\/golfdorval.com\/wordpress\/wp-content\/uploads\/2019\/10\/photo-hotelcombined.jpg 572w, http:\/\/golfdorval.com\/wordpress\/wp-content\/uploads\/2019\/10\/photo-hotelcombined-300x269.jpg 300w\" sizes=\"(max-width: 572px) 100vw, 572px\" \/><\/a><figcaption><strong>HotelsCombine<\/strong>d<\/figcaption><\/figure><\/div>\n\n\n\n<div class=\"wp-block-image\"><figure class=\"aligncenter is-resized\"><a href=\"http:\/\/www.hotelscombined.ca\/Place\/Golf_Dorval.htm\" target=\"_blank\" rel=\"noreferrer noopener\"><img loading=\"lazy\" decoding=\"async\" src=\"http:\/\/www.golfdorval.com\/wordpress\/wp-content\/uploads\/2019\/10\/2019-10-04_09-59-48.png\" alt=\"\" class=\"wp-image-4828\" width=\"300\" height=\"100\"\/><\/a><\/figure><\/div>\n","protected":false},"excerpt":{"rendered":"<p>Vous chercher de l&#8217;h\u00e9bergement \u00e0 Dorval pr\u00e8s du Golf Dorval ? Visitez HotelsCombined (Cliquez sur le widget en bas de la page)<\/p>\n","protected":false},"author":1,"featured_media":0,"parent":0,"menu_order":0,"comment_status":"closed","ping_status":"closed","template":"","meta":{"_monsterinsights_skip_tracking":false,"_monsterinsights_sitenote_active":false,"_monsterinsights_sitenote_note":"","_monsterinsights_sitenote_category":0,"footnotes":""},"aioseo_notices":[],"_links":{"self":[{"href":"http:\/\/golfdorval.com\/wordpress\/wp-json\/wp\/v2\/pages\/4826"}],"collection":[{"href":"http:\/\/golfdorval.com\/wordpress\/wp-json\/wp\/v2\/pages"}],"about":[{"href":"http:\/\/golfdorval.com\/wordpress\/wp-json\/wp\/v2\/types\/page"}],"author":[{"embeddable":true,"href":"http:\/\/golfdorval.com\/wordpress\/wp-json\/wp\/v2\/users\/1"}],"replies":[{"embeddable":true,"href":"http:\/\/golfdorval.com\/wordpress\/wp-json\/wp\/v2\/comments?post=4826"}],"version-history":[{"count":4,"href":"http:\/\/golfdorval.com\/wordpress\/wp-json\/wp\/v2\/pages\/4826\/revisions"}],"predecessor-version":[{"id":4861,"href":"http:\/\/golfdorval.com\/wordpress\/wp-json\/wp\/v2\/pages\/4826\/revisions\/4861"}],"wp:attachment":[{"href":"http:\/\/golfdorval.com\/wordpress\/wp-json\/wp\/v2\/media?parent=4826"}],"curies":[{"name":"wp","href":"https:\/\/api.w.org\/{rel}","templated":true}]}}