{"id":6532,"date":"2021-07-16T17:16:59","date_gmt":"2021-07-16T21:16:59","guid":{"rendered":"http:\/\/www.golfdorval.com\/wordpress\/?page_id=6532"},"modified":"2025-11-02T16:17:12","modified_gmt":"2025-11-02T21:17:12","slug":"mini-putt","status":"publish","type":"page","link":"http:\/\/golfdorval.com\/wordpress\/fr\/mini-putt\/","title":{"rendered":"Golf miniature"},"content":{"rendered":"\r\n<p class=\"has-text-color has-background has-text-align-center has-very-dark-gray-color has-pale-cyan-blue-background-color\" style=\"font-size: 27px;\"><strong>Le golf miniature est ferm\u00e9 pour la saison 2025, au plaisir de vous revoir au printemps 2026\u00a0 \u00a0\u00a0<\/strong><\/p>\r\n\r\n\r\n\n<table id=\"tablepress-58\" class=\"tablepress tablepress-id-58\">\n<thead>\n<tr class=\"row-1\">\n\t<td class=\"column-1\"><\/td><th class=\"column-2\">Golf miniature<br \/>\n<\/th><th class=\"column-3\">Cr\u00e8merie<br \/>\n<\/th>\n<\/tr>\n<\/thead>\n<tbody class=\"row-striping row-hover\">\n<tr class=\"row-2\">\n\t<td class=\"column-1\">Lundi  <\/td><td class=\"column-2\">Ferm\u00e9 pour la saison<\/td><td class=\"column-3\">Ferm\u00e9 pour la saison<\/td>\n<\/tr>\n<tr class=\"row-3\">\n\t<td class=\"column-1\">Mardi  <\/td><td class=\"column-2\">Ferm\u00e9 pour la saison<\/td><td class=\"column-3\">Ferm\u00e9 pour la saison<\/td>\n<\/tr>\n<tr class=\"row-4\">\n\t<td class=\"column-1\">Mercredi   <\/td><td class=\"column-2\">Ferm\u00e9 pour la saison<\/td><td class=\"column-3\">Ferm\u00e9 pour la saison<\/td>\n<\/tr>\n<tr class=\"row-5\">\n\t<td class=\"column-1\">Jeudi   <\/td><td class=\"column-2\">Ferm\u00e9 pour la saison<\/td><td class=\"column-3\">Ferm\u00e9 pour la saison<\/td>\n<\/tr>\n<tr class=\"row-6\">\n\t<td class=\"column-1\">Vendredi  <\/td><td class=\"column-2\">Ferm\u00e9 pour la saison<\/td><td class=\"column-3\">Ferm\u00e9 pour la saison<\/td>\n<\/tr>\n<tr class=\"row-7\">\n\t<td class=\"column-1\">Samedi   <\/td><td class=\"column-2\">Ferm\u00e9 pour la saison<\/td><td class=\"column-3\">Ferm\u00e9 pour la saison<\/td>\n<\/tr>\n<tr class=\"row-8\">\n\t<td class=\"column-1\">Dimanche  <\/td><td class=\"column-2\">Ferm\u00e9 pour la saison<\/td><td class=\"column-3\">Ferm\u00e9 pour la saison<\/td>\n<\/tr>\n<\/tbody>\n<\/table>\n\n\r\n\r\n\r\n<p class=\"has-text-color has-background has-very-dark-gray-color has-pale-cyan-blue-background-color\" style=\"font-size: 30px;\"><strong>R\u00e9servation pour les groupes de 20 personnes et plus, cliquez sur le bouton<\/strong> <strong>ci-dessous<\/strong>.<\/p>\r\n\r\n\r\n\r\n<div class=\"wp-block-button aligncenter is-style-outline\"><a class=\"wp-block-button__link has-text-color has-very-dark-gray-color has-background\" style=\"background-color: #f1a8a8;\" href=\"http:\/\/www.golfdorval.com\/wordpress\/fr\/formulaire-de-reservation-mini-golf\/\"><strong>Formulaire de r\u00e9servation pour le mini-golf<\/strong><\/a><\/div>\r\n\r\n\r\n\r\n<p class=\"has-text-color has-background has-text-align-center has-large-font-size\" style=\"background-color: #eed796; color: #0d6041;\"><strong>Nouveau golf miniature (miniputt) haut de gamme \u00e0 Dorval<\/strong> (20 minutes du centre-ville de Montr\u00e9al)<\/p>\r\n\r\n\r\n\r\n<p class=\"has-text-color has-background has-text-align-center has-large-font-size has-very-dark-gray-color has-light-green-cyan-background-color\">Il n&#8217;y a pas de code vestimentaire pour le mini-golf<\/p>\r\n\r\n\r\n\r\n<figure class=\"wp-block-image size-large\"><img loading=\"lazy\" decoding=\"async\" width=\"1024\" height=\"768\" class=\"wp-image-6534\" src=\"http:\/\/www.golfdorval.com\/wordpress\/wp-content\/uploads\/2021\/07\/IMG-3359-1-1024x768.jpg\" alt=\"Golf miniature 18 trous (r\u00e9gion de Montr\u00e9al)\" srcset=\"http:\/\/golfdorval.com\/wordpress\/wp-content\/uploads\/2021\/07\/IMG-3359-1-1024x768.jpg 1024w, http:\/\/golfdorval.com\/wordpress\/wp-content\/uploads\/2021\/07\/IMG-3359-1-300x225.jpg 300w, http:\/\/golfdorval.com\/wordpress\/wp-content\/uploads\/2021\/07\/IMG-3359-1-768x576.jpg 768w, http:\/\/golfdorval.com\/wordpress\/wp-content\/uploads\/2021\/07\/IMG-3359-1-1536x1152.jpg 1536w, http:\/\/golfdorval.com\/wordpress\/wp-content\/uploads\/2021\/07\/IMG-3359-1-2048x1536.jpg 2048w\" sizes=\"(max-width: 1024px) 100vw, 1024px\" \/>\r\n<figcaption><strong>Golf miniature (r\u00e9gion de Montr\u00e9al<\/strong>)<\/figcaption>\r\n<\/figure>\r\n\r\n\r\n\r\n<p class=\"has-text-color has-background has-medium-font-size\" style=\"background-color: #e2cc90; color: #0d5c3f;\"><strong>Les adeptes de mini-golf peuvent se r\u00e9jouir, car il y a maintenant un tout nouveau parcours \u00e0 Dorval. En effet, ce golf miniature haut de gamme, situ\u00e9 sur les terrains de Golf Dorval (2000, avenue Reverchon), offre 18 trous originaux dans un environnement des plus enchanteurs. Puisque le parcours est unique et innovant, celui-ci correspond \u00e0 un PAR 56, gr\u00e2ce \u00e0 plusieurs trous PAR 3 et 4.<\/strong><\/p>\r\n\r\n\r\n\r\n<div class=\"wp-block-button aligncenter\"><a class=\"wp-block-button__link has-text-color has-very-dark-gray-color has-background has-luminous-vivid-orange-background-color\" href=\"http:\/\/www.golfdorval.com\/wordpress\/fr\/cremerie\/\"><strong> Informations cr\u00e8merie<\/strong><\/a><\/div>\r\n<div>\u00a0<\/div>\r\n<div>\n<table id=\"tablepress-61\" class=\"tablepress tablepress-id-61\">\n<thead>\n<tr class=\"row-1\">\n\t<th class=\"column-1\">Miniature golf<\/th><th class=\"column-2\">Prix + taxes<\/th>\n<\/tr>\n<\/thead>\n<tbody class=\"row-striping row-hover\">\n<tr class=\"row-2\">\n\t<td class=\"column-1\">R\u00e9gulier<\/td><td class=\"column-2\">15$ + taxes<\/td>\n<\/tr>\n<tr class=\"row-3\">\n\t<td class=\"column-1\">S\u00e9nior<\/td><td class=\"column-2\">12$ + taxes<\/td>\n<\/tr>\n<tr class=\"row-4\">\n\t<td class=\"column-1\">12 ans et moins<\/td><td class=\"column-2\">12$ + taxes<\/td>\n<\/tr>\n<tr class=\"row-5\">\n\t<td class=\"column-1\">2 R\u00e9g. + 2 (12 ans et moins)<\/td><td class=\"column-2\">45$ + taxes<\/td>\n<\/tr>\n<tr class=\"row-6\">\n\t<td class=\"column-1\"><\/td><td class=\"column-2\"><\/td>\n<\/tr>\n<\/tbody>\n<\/table>\n<\/div>\r\n\r\n\r\n\r\n\r\n\r\n<p>&nbsp;<\/p>\r\n\r\n\r\n\r\n<p class=\"has-text-color has-background has-medium-font-size\" style=\"background-color: #e3d2a4; color: #0a573b;\"><strong>Aucune r\u00e9servation, premier arriv\u00e9, premier servi<\/strong><\/p>\r\n\r\n\r\n\r\n<p class=\"has-text-color has-background has-text-align-center\" style=\"background-color: #d7c184; color: #0c5a3d; font-size: 23px;\"><strong>Le temps de jeu est entre 1h15 et 1h30<\/strong><\/p>\r\n\r\n\r\n\r\n<p class=\"has-text-color has-background has-text-align-right has-very-dark-gray-color has-cyan-bluish-gray-background-color\"><em><strong>Op\u00e9r\u00e9 par &#8220;Bistro 19<\/strong><\/em>&#8220;<\/p>\r\n\r\n\r\n<div id=\"ifeatureslider-1\" class=\"ifeatureslider ifeatureslider-6521 auto ifslider-cover\">\n  <div class=\"if-wrapper\">\n    <ul class=\"if-slides\">\n            <li class=\"slide slide-0  current\"> <img loading=\"lazy\" decoding=\"async\" src=\"http:\/\/golfdorval.com\/wordpress\/wp-content\/uploads\/2021\/07\/IMG-3359-scaled.jpg\" width=\"2560\" height=\"1920\" \/> <\/li>\n            <li class=\"slide slide-1 hide-slide \"> <img loading=\"lazy\" decoding=\"async\" src=\"http:\/\/golfdorval.com\/wordpress\/wp-content\/uploads\/2021\/07\/IMG-3358-scaled.jpg\" width=\"2560\" height=\"1920\" \/> <\/li>\n            <li class=\"slide slide-2 hide-slide \"> <img loading=\"lazy\" decoding=\"async\" src=\"http:\/\/golfdorval.com\/wordpress\/wp-content\/uploads\/2021\/07\/IMG-3357-scaled.jpg\" width=\"2560\" height=\"1920\" \/> <\/li>\n            <li class=\"slide slide-3 hide-slide \"> <img loading=\"lazy\" decoding=\"async\" src=\"http:\/\/golfdorval.com\/wordpress\/wp-content\/uploads\/2021\/07\/IMG-3356-scaled.jpg\" width=\"2560\" height=\"1920\" \/> <\/li>\n            <li class=\"slide slide-4 hide-slide \"> <img loading=\"lazy\" decoding=\"async\" src=\"http:\/\/golfdorval.com\/wordpress\/wp-content\/uploads\/2021\/07\/IMG-3354-scaled.jpg\" width=\"2560\" height=\"1920\" \/> <\/li>\n            <li class=\"slide slide-5 hide-slide \"> <img loading=\"lazy\" decoding=\"async\" src=\"http:\/\/golfdorval.com\/wordpress\/wp-content\/uploads\/2021\/07\/IMG-3353-1-scaled.jpg\" width=\"2560\" height=\"1920\" \/> <\/li>\n          <\/ul>\n    <div class=\"if-buttons\"  data-slide=\"1\">\n      <div class=\"if-floater\"><\/div>\n      <a class=\"if-prev-btn\">\n        <span class=\"if-arrow prev\" style=\"color:#0573f0\" >&laquo;<\/span>\n      <\/a>\n      <a class=\"if-next-btn\">\n        <span class=\"if-arrow next\" style=\"color:#0573f0\" >&raquo;<\/span>\n      <\/a>\n    <\/div>\n  <\/div>\n<\/div>\n\n","protected":false},"excerpt":{"rendered":"<p>Le golf miniature est ferm\u00e9 pour la saison 2025, au plaisir de vous revoir au printemps 2026\u00a0 \u00a0\u00a0 R\u00e9servation pour les groupes de 20 personnes et plus, cliquez sur le [&hellip;]<\/p>\n","protected":false},"author":1,"featured_media":0,"parent":0,"menu_order":0,"comment_status":"closed","ping_status":"closed","template":"","meta":{"_monsterinsights_skip_tracking":false,"_monsterinsights_sitenote_active":false,"_monsterinsights_sitenote_note":"","_monsterinsights_sitenote_category":0,"footnotes":""},"aioseo_notices":[],"_links":{"self":[{"href":"http:\/\/golfdorval.com\/wordpress\/wp-json\/wp\/v2\/pages\/6532"}],"collection":[{"href":"http:\/\/golfdorval.com\/wordpress\/wp-json\/wp\/v2\/pages"}],"about":[{"href":"http:\/\/golfdorval.com\/wordpress\/wp-json\/wp\/v2\/types\/page"}],"author":[{"embeddable":true,"href":"http:\/\/golfdorval.com\/wordpress\/wp-json\/wp\/v2\/users\/1"}],"replies":[{"embeddable":true,"href":"http:\/\/golfdorval.com\/wordpress\/wp-json\/wp\/v2\/comments?post=6532"}],"version-history":[{"count":65,"href":"http:\/\/golfdorval.com\/wordpress\/wp-json\/wp\/v2\/pages\/6532\/revisions"}],"predecessor-version":[{"id":10034,"href":"http:\/\/golfdorval.com\/wordpress\/wp-json\/wp\/v2\/pages\/6532\/revisions\/10034"}],"wp:attachment":[{"href":"http:\/\/golfdorval.com\/wordpress\/wp-json\/wp\/v2\/media?parent=6532"}],"curies":[{"name":"wp","href":"https:\/\/api.w.org\/{rel}","templated":true}]}}