{"id":6641,"date":"2021-09-04T16:17:53","date_gmt":"2021-09-04T20:17:53","guid":{"rendered":"http:\/\/www.golfdorval.com\/wordpress\/?page_id=6641"},"modified":"2025-10-18T15:17:33","modified_gmt":"2025-10-18T19:17:33","slug":"cremerie-au-golf-dorval","status":"publish","type":"page","link":"http:\/\/golfdorval.com\/wordpress\/fr\/cremerie-au-golf-dorval\/","title":{"rendered":"Cr\u00e8merie au Golf Dorval"},"content":{"rendered":"\r\n<h3 class=\"has-text-color has-background has-text-align-center has-huge-font-size has-vivid-purple-color\" style=\"background-color: #e4a87d;\"><strong>La cr\u00e8merie est ferm\u00e9 pour la saison 2025<\/strong><\/h3>\r\n\r\n\r\n\r\n<p class=\"has-text-color has-background has-large-font-size has-very-dark-gray-color has-pale-cyan-blue-background-color\"><strong>Nouveau Au Golf Dorval, (r\u00e9gion de Montr\u00e9al) \u00e0 c\u00f4t\u00e9 du Mini-Putt, cr\u00e8merie<\/strong> <strong>pour ajouter une touche sucr\u00e9e \u00e0 votre sortie!<\/strong><\/p>\r\n\r\n\r\n\r\n<figure class=\"wp-block-image size-large\"><img loading=\"lazy\" decoding=\"async\" width=\"1024\" height=\"768\" class=\"wp-image-6642\" src=\"http:\/\/www.golfdorval.com\/wordpress\/wp-content\/uploads\/2021\/09\/IMG-3426-1-1024x768.jpg\" alt=\"Cr\u00e8merie au Golf Dorval pr\u00e8s du Mini-Putt\" srcset=\"http:\/\/golfdorval.com\/wordpress\/wp-content\/uploads\/2021\/09\/IMG-3426-1-1024x768.jpg 1024w, http:\/\/golfdorval.com\/wordpress\/wp-content\/uploads\/2021\/09\/IMG-3426-1-300x225.jpg 300w, http:\/\/golfdorval.com\/wordpress\/wp-content\/uploads\/2021\/09\/IMG-3426-1-768x576.jpg 768w, http:\/\/golfdorval.com\/wordpress\/wp-content\/uploads\/2021\/09\/IMG-3426-1-1536x1152.jpg 1536w, http:\/\/golfdorval.com\/wordpress\/wp-content\/uploads\/2021\/09\/IMG-3426-1-2048x1536.jpg 2048w\" sizes=\"(max-width: 1024px) 100vw, 1024px\" \/><\/figure>\r\n\r\n\r\n\r\n<div><img loading=\"lazy\" decoding=\"async\" class=\"aligncenter wp-image-9874 size-full\" src=\"http:\/\/www.golfdorval.com\/wordpress\/wp-content\/uploads\/2025\/07\/Cornet-enfant-1.png\" alt=\"\" width=\"600\" height=\"600\" srcset=\"http:\/\/golfdorval.com\/wordpress\/wp-content\/uploads\/2025\/07\/Cornet-enfant-1.png 600w, http:\/\/golfdorval.com\/wordpress\/wp-content\/uploads\/2025\/07\/Cornet-enfant-1-300x300.png 300w, http:\/\/golfdorval.com\/wordpress\/wp-content\/uploads\/2025\/07\/Cornet-enfant-1-150x150.png 150w\" sizes=\"(max-width: 600px) 100vw, 600px\" \/><\/div>\r\n<div>\u00a0<\/div>\r\n<div><img loading=\"lazy\" decoding=\"async\" class=\"aligncenter wp-image-9875 size-full\" src=\"http:\/\/www.golfdorval.com\/wordpress\/wp-content\/uploads\/2025\/07\/Cornet-enfant-2.png\" alt=\"\" width=\"600\" height=\"600\" srcset=\"http:\/\/golfdorval.com\/wordpress\/wp-content\/uploads\/2025\/07\/Cornet-enfant-2.png 600w, http:\/\/golfdorval.com\/wordpress\/wp-content\/uploads\/2025\/07\/Cornet-enfant-2-300x300.png 300w, http:\/\/golfdorval.com\/wordpress\/wp-content\/uploads\/2025\/07\/Cornet-enfant-2-150x150.png 150w\" sizes=\"(max-width: 600px) 100vw, 600px\" \/><\/div>\r\n<div>\u00a0<\/div>\r\n<div><img loading=\"lazy\" decoding=\"async\" class=\"aligncenter wp-image-9876 size-full\" src=\"http:\/\/www.golfdorval.com\/wordpress\/wp-content\/uploads\/2025\/07\/Cornet-enfant-3.png\" alt=\"\" width=\"600\" height=\"600\" srcset=\"http:\/\/golfdorval.com\/wordpress\/wp-content\/uploads\/2025\/07\/Cornet-enfant-3.png 600w, http:\/\/golfdorval.com\/wordpress\/wp-content\/uploads\/2025\/07\/Cornet-enfant-3-300x300.png 300w, http:\/\/golfdorval.com\/wordpress\/wp-content\/uploads\/2025\/07\/Cornet-enfant-3-150x150.png 150w\" sizes=\"(max-width: 600px) 100vw, 600px\" \/><\/div>\r\n\r\n\r\n\r\n<div class=\"wp-block-group\">\r\n<div class=\"wp-block-group__inner-container is-layout-flow wp-block-group-is-layout-flow\">\r\n\r\n\r\n\r\n<\/div>\r\n<\/div>\r\n\r\n\r\n\r\n<p class=\"has-text-color has-background has-text-align-right has-medium-font-size has-very-dark-gray-color has-cyan-bluish-gray-background-color\"><strong><em>Op\u00e9r\u00e9 par \u00ab\u00a0Bistro 19<\/em>\u00ab\u00a0<\/strong><\/p>\r\n<p>&nbsp;<\/p>\r\n","protected":false},"excerpt":{"rendered":"<p>La cr\u00e8merie est ferm\u00e9 pour la saison 2025 Nouveau Au Golf Dorval, (r\u00e9gion de Montr\u00e9al) \u00e0 c\u00f4t\u00e9 du Mini-Putt, cr\u00e8merie pour ajouter une touche sucr\u00e9e \u00e0 votre sortie! \u00a0 \u00a0 [&hellip;]<\/p>\n","protected":false},"author":1,"featured_media":0,"parent":0,"menu_order":0,"comment_status":"closed","ping_status":"closed","template":"","meta":{"_monsterinsights_skip_tracking":false,"_monsterinsights_sitenote_active":false,"_monsterinsights_sitenote_note":"","_monsterinsights_sitenote_category":0,"footnotes":""},"aioseo_notices":[],"_links":{"self":[{"href":"http:\/\/golfdorval.com\/wordpress\/wp-json\/wp\/v2\/pages\/6641"}],"collection":[{"href":"http:\/\/golfdorval.com\/wordpress\/wp-json\/wp\/v2\/pages"}],"about":[{"href":"http:\/\/golfdorval.com\/wordpress\/wp-json\/wp\/v2\/types\/page"}],"author":[{"embeddable":true,"href":"http:\/\/golfdorval.com\/wordpress\/wp-json\/wp\/v2\/users\/1"}],"replies":[{"embeddable":true,"href":"http:\/\/golfdorval.com\/wordpress\/wp-json\/wp\/v2\/comments?post=6641"}],"version-history":[{"count":22,"href":"http:\/\/golfdorval.com\/wordpress\/wp-json\/wp\/v2\/pages\/6641\/revisions"}],"predecessor-version":[{"id":10002,"href":"http:\/\/golfdorval.com\/wordpress\/wp-json\/wp\/v2\/pages\/6641\/revisions\/10002"}],"wp:attachment":[{"href":"http:\/\/golfdorval.com\/wordpress\/wp-json\/wp\/v2\/media?parent=6641"}],"curies":[{"name":"wp","href":"https:\/\/api.w.org\/{rel}","templated":true}]}}