{"id":668,"date":"2016-02-23T22:29:38","date_gmt":"2016-02-24T03:29:38","guid":{"rendered":"http:\/\/127.0.0.1\/wordpress\/?page_id=668"},"modified":"2016-03-07T19:40:23","modified_gmt":"2016-03-08T00:40:23","slug":"temps-de-jeu","status":"publish","type":"page","link":"http:\/\/golfdorval.com\/wordpress\/fr\/temps-de-jeu\/","title":{"rendered":"Temps de jeu"},"content":{"rendered":"<p>&nbsp;<\/p>\n<h3><\/h3>\n<h3><span style=\"color: #008000;\">\u00a0\u00a0\u00a0\u00a0\u00a0\u00a0\u00a0\u00a0\u00a0\u00a0 Le temps de jeu normal d&#8217;une ronde de golf est de 4h30 + 10 minutes maximum au casse-cro\u00fbte apr\u00e8s 9 trous.<\/span><\/h3>\n<p>&nbsp;<\/p>\n<h3><span style=\"color: #008000;\"><em><span style=\"text-decoration: underline;\">Voici quelques conseils pour acc\u00e9l\u00e9rer le temps de jeu.<\/span><\/em><\/span><\/h3>\n<ul>\n<li>\n<h3><span style=\"color: #008000;\">Au tertre de d\u00e9part, pr\u00e9parez-vous pour \u00eatre pr\u00eat lorsque que votre tour viendra.<\/span><\/h3>\n<\/li>\n<\/ul>\n<p>&nbsp;<\/p>\n<ul>\n<li>\n<h3><span style=\"color: #008000;\">Apr\u00e8s votre coup de d\u00e9part, pr\u00e9parez votre deuxi\u00e8me coup , n&#8217;attendez pas que les autres joueurs ont frapp\u00e9s leurs balles.<\/span><\/h3>\n<\/li>\n<\/ul>\n<p>&nbsp;<\/p>\n<ul>\n<li>\n<h3><span style=\"color: #008000;\">Limitez \u00e0 trois (3) minutes , par groupe et par trous, le temps allou\u00e9 \u00e0 chercher une balle. \u00a0<\/span><\/h3>\n<\/li>\n<\/ul>\n<p>&nbsp;<\/p>\n<ul>\n<li>\n<h3><span style=\"color: #008000;\">Apr\u00e8s le double de coup du par, ramassez votre balle et allez sur le vert.<\/span><\/h3>\n<\/li>\n<\/ul>\n<p>&nbsp;<\/p>\n<ul>\n<li>\n<h3><span style=\"color: #008000;\">\u00c0\u00a0votre arriv\u00e9 pr\u00e8s du vert, laisser\u00a0votre voiturette sur le sentier\u00a0de l&#8217;autre c\u00f4t\u00e9 du vert pour \u00eatre pr\u00eat \u00e0 repartir.<\/span><\/h3>\n<\/li>\n<\/ul>\n<p>&nbsp;<\/p>\n<ul>\n<li>\n<h3><span style=\"color: #008000;\">Inscrivez votre r\u00e9sultat sur la carte de pointage\u00a0au prochain tertre de d\u00e9part pour ne pas retarder les joueurs qui vous suivent.<\/span><\/h3>\n<\/li>\n<\/ul>\n<p>&nbsp;<\/p>\n<h2><span style=\"text-decoration: underline;\"><span style=\"color: #008000; text-decoration: underline;\">Conseils pour les joueurs d\u00e9butants<\/span><\/span><\/h2>\n<ul>\n<li>\n<h3><span style=\"color: #008000;\">Pratiquer vous au champ de pratique sur les tapis et sur le gazon dans la section r\u00e9serv\u00e9 \u00e0 cette effet.<\/span><\/h3>\n<\/li>\n<\/ul>\n<p>&nbsp;<\/p>\n<ul>\n<li>\n<h3><span style=\"color: #008000;\">Suivez quelques cours avec les professionnels pour partir avec une bonne base.<\/span><\/h3>\n<\/li>\n<\/ul>\n<p>&nbsp;<\/p>\n<ul>\n<li>\n<h3><span style=\"color: #008000;\">Jouez en fin d&#8217;apr\u00e8s-midi vers les derniers d\u00e9parts pour ne pas retarder les autres joueurs.<\/span><\/h3>\n<\/li>\n<\/ul>\n<p>&nbsp;<\/p>\n<ul>\n<li>\n<h3><span style=\"color: #008000;\">Laissez passer les joueurs plus rapides.<\/span><\/h3>\n<\/li>\n<\/ul>\n<p>&nbsp;<\/p>\n<ul>\n<li>\n<h3><span style=\"color: #008000;\">De pr\u00e9f\u00e9rence, \u00a0jouez avec des personnes qui ont plus d&#8217;exp\u00e9rience dans le golf.<\/span><\/h3>\n<\/li>\n<\/ul>\n<p>&nbsp;<\/p>\n<ul>\n<li>\n<h3><span style=\"color: #008000;\">Jouez \u00e0 la meilleure balle pour plus de rapidit\u00e9, et pour ne pas vous d\u00e9courager.<\/span><\/h3>\n<\/li>\n<\/ul>\n<p>&nbsp;<\/p>\n<ul>\n<li>\n<h3><span style=\"color: #008000;\">Vous n&#8217;\u00eates pas en comp\u00e9tition, vous pouvez utiliser un t\u00e9 dans l&#8217;all\u00e9e si vous avez de la difficult\u00e9 avec votre bois 3 ou 5 dans l&#8217;all\u00e9e.<\/span><\/h3>\n<\/li>\n<\/ul>\n<p>&nbsp;<\/p>\n<h1><span style=\"color: #008000;\">***\u00a0<\/span>\u00a0<span style=\"color: #008000;\">Important\u00a0 <span style=\"text-decoration: underline;\">Le Marshal poss\u00e8de l\u2019autorit\u00e9 sur le terrain<\/span>.<\/span><\/h1>\n<h3><span style=\"color: #008000;\">Pour votre s\u00e9curit\u00e9, les golfeurs doivent avoir quitt\u00e9 le parcours, avant la noirceur.<\/span><\/h3>\n","protected":false},"excerpt":{"rendered":"<p>&nbsp; \u00a0\u00a0\u00a0\u00a0\u00a0\u00a0\u00a0\u00a0\u00a0\u00a0 Le temps de jeu normal d&#8217;une ronde de golf est de 4h30 + 10 minutes maximum au casse-cro\u00fbte apr\u00e8s 9 trous. &nbsp; Voici quelques conseils pour acc\u00e9l\u00e9rer le [&hellip;]<\/p>\n","protected":false},"author":1,"featured_media":0,"parent":0,"menu_order":0,"comment_status":"closed","ping_status":"closed","template":"","meta":{"_monsterinsights_skip_tracking":false,"_monsterinsights_sitenote_active":false,"_monsterinsights_sitenote_note":"","_monsterinsights_sitenote_category":0,"footnotes":""},"aioseo_notices":[],"_links":{"self":[{"href":"http:\/\/golfdorval.com\/wordpress\/wp-json\/wp\/v2\/pages\/668"}],"collection":[{"href":"http:\/\/golfdorval.com\/wordpress\/wp-json\/wp\/v2\/pages"}],"about":[{"href":"http:\/\/golfdorval.com\/wordpress\/wp-json\/wp\/v2\/types\/page"}],"author":[{"embeddable":true,"href":"http:\/\/golfdorval.com\/wordpress\/wp-json\/wp\/v2\/users\/1"}],"replies":[{"embeddable":true,"href":"http:\/\/golfdorval.com\/wordpress\/wp-json\/wp\/v2\/comments?post=668"}],"version-history":[{"count":2,"href":"http:\/\/golfdorval.com\/wordpress\/wp-json\/wp\/v2\/pages\/668\/revisions"}],"predecessor-version":[{"id":737,"href":"http:\/\/golfdorval.com\/wordpress\/wp-json\/wp\/v2\/pages\/668\/revisions\/737"}],"wp:attachment":[{"href":"http:\/\/golfdorval.com\/wordpress\/wp-json\/wp\/v2\/media?parent=668"}],"curies":[{"name":"wp","href":"https:\/\/api.w.org\/{rel}","templated":true}]}}